{"id":2936,"date":"2021-06-16T07:00:37","date_gmt":"2021-06-16T05:00:37","guid":{"rendered":"https:\/\/himcorp.fr\/?post_type=product&#038;p=2936"},"modified":"2021-06-16T19:04:57","modified_gmt":"2021-06-16T17:04:57","slug":"rendu-de-plan-detage-3d","status":"publish","type":"product","link":"https:\/\/graphimmo.com\/?product=rendu-de-plan-detage-3d","title":{"rendered":"Plan 3D"},"content":{"rendered":"","protected":false},"excerpt":{"rendered":"","protected":false},"featured_media":2959,"template":"","meta":[],"product_cat":[44],"product_tag":[],"wcpa_form_fields":{"rules":{"pric_overide_base_price":true,"pric_overide_base_price_if_gt_zero":false,"pric_overide_base_price_fully":false,"pric_cal_option_once":false,"pric_use_as_fee":false,"bind_quantity":false,"quantity_bind_formula":false},"fields":[{"type":"number","required":true,"elementId":"wcpa-number-1623766748281","label":"Nombre de document \u00e0 modifier:","pricingType":"fixed","min":"1","name":"number-1623766748281","cl_rule":"show","col":6,"relations":false,"form_id":2924,"form_rules":{"pric_cal_option_once":false,"exclude_from_discount":false,"pric_use_as_fee":false,"fee_label":"Fee","render_after_acb":false,"disp_hide_options_price":false}},{"type":"file","required":true,"elementId":"wcpa-file-1623766928933","label":"Charger ici vos photos ou plans. Taille maximale 10Mo:","pricingType":"fixed","ajax_upload":true,"name":"file-1623766928933","showUploadPreview":true,"exts_supported":"jpg,jpeg,png,gif","cl_rule":"show","col":6,"relations":false,"form_id":2924,"form_rules":{"pric_cal_option_once":false,"exclude_from_discount":false,"pric_use_as_fee":false,"fee_label":"Fee","render_after_acb":false,"disp_hide_options_price":false}},{"type":"text","elementId":"wcpa-text-1623767215263","label":"Lien WeTransfer pour fichier plus lourd que 10Mo:","pricingType":"fixed","name":"text-1623767215263","subtype":"text","cl_rule":"show","col":6,"relations":false,"form_id":2924,"form_rules":{"pric_cal_option_once":false,"exclude_from_discount":false,"pric_use_as_fee":false,"fee_label":"Fee","render_after_acb":false,"disp_hide_options_price":false}},{"type":"select","required":true,"elementId":"wcpa-select-1623766982225","label":"Garder ou changer le sol:","priceOptions":"different_for_all","pricingType":"fixed","name":"select-1623766982225","cl_rule":"show","col":6,"values":[{"label":"Garder","value":"keep","price":"","pimage":"","pimage_id":"","pthumb":""},{"label":"Changer","value":"change","price":"","pimage":"","pimage_id":"","pthumb":""}],"relations":false,"form_id":2924,"form_rules":{"pric_cal_option_once":false,"exclude_from_discount":false,"pric_use_as_fee":false,"fee_label":"Fee","render_after_acb":false,"disp_hide_options_price":false}},{"type":"radio-group","required":true,"elementId":"wcpa-radio-group-1623766842498","label":"Nouveau sol:","priceOptions":"different_for_all","pricingType":"fixed","name":"new-floor","enableCl":true,"cl_rule":"show","cl_val":"change","col":6,"values":[{"label":"PVC ","value":"pvc","price":"","pimage":"","pimage_id":"","pthumb":""},{"label":"Parquet ","value":"parquet ","price":"","pimage":"","pimage_id":"","pthumb":""},{"label":"Carrelage ","value":"carrelage ","price":"","pimage":"","pimage_id":"","pthumb":""},{"label":"Moquette","value":"moquette","price":"","pimage":"","pimage_id":"","pthumb":""}],"relations":[{"operator":false,"rules":[{"operator":false,"rules":{"cl_field":"wcpa-select-1623766982225","cl_relation":"is","cl_val":{"i":"1","value":"change"}}}]}],"form_id":2924,"form_rules":{"pric_cal_option_once":false,"exclude_from_discount":false,"pric_use_as_fee":false,"fee_label":"Fee","render_after_acb":false,"disp_hide_options_price":false}},{"type":"radio-group","required":true,"elementId":"wcpa-radio-group-1623767379815","label":"Pi\u00e8ce de la photo:","priceOptions":"different_for_all","pricingType":"fixed","name":"radio-group-1623767379815","cl_rule":"show","col":6,"values":[{"label":"Un salon ","value":"Un salon ","price":"","pimage":"","pimage_id":"","pthumb":""},{"label":"une salle \u00e0 manger","value":"une salle \u00e0 manger","price":"","pimage":"","pimage_id":"","pthumb":""},{"label":"Une chambre","value":"Une chambre","price":"","pimage":"","pimage_id":"","pthumb":""},{"label":"Une entr\u00e9e","value":"Une entr\u00e9e","price":"","pimage":"","pimage_id":"","pthumb":""},{"label":"Un bureau","value":"Un bureau","price":"","pimage":"","pimage_id":"","pthumb":""},{"label":"Un cellier\/buanderie","value":"Un cellier\/buanderie","price":"","pimage":"","pimage_id":"","pthumb":""},{"label":"Un dressing","value":"Un dressing","price":"","pimage":"","pimage_id":"","pthumb":""},{"label":"Une cuisine","value":"Une cuisine","price":"","pimage":"","pimage_id":"","pthumb":""},{"label":"Une salle de bains","value":"Une salle de bains","price":"","pimage":"","pimage_id":"","pthumb":""},{"label":"Un balcon\/terrasse","value":"Un balcon\/terrasse","price":"","pimage":"","pimage_id":"","pthumb":""},{"label":"Un jardin","value":"Un jardin","price":"","pimage":"","pimage_id":"","pthumb":""}],"relations":false,"form_id":2924,"form_rules":{"pric_cal_option_once":false,"exclude_from_discount":false,"pric_use_as_fee":false,"fee_label":"Fee","render_after_acb":false,"disp_hide_options_price":false}},{"type":"radio-group","required":true,"elementId":"wcpa-radio-group-1623767382863","label":"Style de d\u00e9coration souhait\u00e9:","priceOptions":"different_for_all","pricingType":"fixed","name":"radio-group-1623767382863","cl_rule":"show","col":6,"values":[{"label":"Contemporain","value":"Contemporain","price":"","pimage":"","pimage_id":"","pthumb":""},{"label":"Industriel ","value":"Industriel ","price":"","pimage":"","pimage_id":"","pthumb":""},{"label":"Scandinave ","value":"Scandinave ","price":"","pimage":"","pimage_id":"","pthumb":""},{"label":"Ethnique","value":"Ethnique","price":"","pimage":"","pimage_id":"","pthumb":""},{"label":"Aucun style particulier","value":"Aucun style particulier","price":"","pimage":"","pimage_id":"","pthumb":""}],"relations":false,"form_id":2924,"form_rules":{"pric_cal_option_once":false,"exclude_from_discount":false,"pric_use_as_fee":false,"fee_label":"Fee","render_after_acb":false,"disp_hide_options_price":false}},{"type":"textarea","elementId":"wcpa-textarea-1623821520568","label":"Description ou \u00e9l\u00e9ments suppl\u00e9mentaires de votre demande:","pricingType":"fixed","name":"textarea-1623821520568","cl_rule":"show","col":6,"relations":false,"form_id":2924,"form_rules":{"pric_cal_option_once":false,"exclude_from_discount":false,"pric_use_as_fee":false,"fee_label":"Fee","render_after_acb":false,"disp_hide_options_price":false}}]},"_links":{"self":[{"href":"https:\/\/graphimmo.com\/index.php?rest_route=\/wp\/v2\/product\/2936"}],"collection":[{"href":"https:\/\/graphimmo.com\/index.php?rest_route=\/wp\/v2\/product"}],"about":[{"href":"https:\/\/graphimmo.com\/index.php?rest_route=\/wp\/v2\/types\/product"}],"version-history":[{"count":4,"href":"https:\/\/graphimmo.com\/index.php?rest_route=\/wp\/v2\/product\/2936\/revisions"}],"predecessor-version":[{"id":2994,"href":"https:\/\/graphimmo.com\/index.php?rest_route=\/wp\/v2\/product\/2936\/revisions\/2994"}],"wp:featuredmedia":[{"embeddable":true,"href":"https:\/\/graphimmo.com\/index.php?rest_route=\/wp\/v2\/media\/2959"}],"wp:attachment":[{"href":"https:\/\/graphimmo.com\/index.php?rest_route=%2Fwp%2Fv2%2Fmedia&parent=2936"}],"wp:term":[{"taxonomy":"product_cat","embeddable":true,"href":"https:\/\/graphimmo.com\/index.php?rest_route=%2Fwp%2Fv2%2Fproduct_cat&post=2936"},{"taxonomy":"product_tag","embeddable":true,"href":"https:\/\/graphimmo.com\/index.php?rest_route=%2Fwp%2Fv2%2Fproduct_tag&post=2936"}],"curies":[{"name":"wp","href":"https:\/\/api.w.org\/{rel}","templated":true}]}}